 by ((-51)/(-6))/((-7)/(-14))?
14
Suppose r = 5*a + 38, 0*r - 2*r + 100 = -2*a. Suppose 0 = -s - 21 - 16. Let j = s + r. Calculate the remainder when 30 is divided by j.
14
Let s = 2 - -5. What is the remainder when 1/4 - 282/(-24) is divided by s?
5
Let z(k) = 308*k**3 + k. Let l be z(1). Suppose 2*m = 3*m + 2*s - 7, 0 = -m - s + 6. Suppose m*y = -109 + l. Calculate the remainder when y is divided by 14.
12
Suppose -r = -3*b, 0 = -2*b - 2*b - 2*r. Let f = -1 + b. What is the remainder when 16 is divided by f/(-2)*(0 + 12)?
4
Let t = -28 + 51. What is the remainder when t is divided by 6?
5
Let c(r) = -r + 5. Let o be c(4). Let f = o - -1. Suppose f*v - 52 = -4*a - 2*v, -3*v - 73 = -5*a. Calculate the remainder when 41 is divided by a.
13
Suppose 0 = 2*z - 6 - 4. Calculate the remainder when 17 is divided by z.
2
Suppose -v = -6*v + 25. Suppose -n + 4 = h, v = -h - 4*n - 6. Calculate the remainder when h is divided by 6.
3
Let i = 3 + -7. What is the remainder when 43 is divided by (-9)/(-12) - 89/i?
20
Let j(v) = v**3 - 4*v**2 + 2*v + 2. What is the remainder when 19 is divided by j(4)?
9
Let h(v) = v - 6. Let o(g) = g + 6. Let u be o(-5). Let b = u - -8. What is the remainder when 5 is divided by h(b)?
2
Let b be (2 - -2)*(-6)/(-8). Suppose b*k + f - 12 = 1, -3*f = -k + 1. What is the remainder when 5 is divided by k?
1
Suppose 0*i + 15 = 5*i. Suppose 4*r + z = 16, -3*r + 2*z = i*z - 11. Calculate the remainder when r is divided by 2.
1
Suppose -n - 3*b + 0*b = -9, -5*n + 3*b = 9. Let u = n + 11. Let f = u - 1. Calculate the remainder when 28 is divided by f.
8
Suppose -3*u + 79 = -32. Calculate the remainder when 69 is divided by u.
32
Let q = -5 + 11. Let n(r) = r + 2. What is the remainder when 13 is divided by n(q)?
5
Suppose 0 = 2*n - 8, 5*l + 4*n - 59 = 3*n. What is the remainder when l is divided by (-1 + 1)/(-3) + 3?
2
Suppose v = -2*k + 97, -2*k + 92 = -2*v - 14. What is the remainder when k is divided by ((-1)/2)/((-7)/182)?
11
Suppose 2*k = -2*a + 88, 25 = -k + 6*k. Calculate the remainder when a is divided by 12.
3
Suppose -s = -2*s + 33. Calculate the remainder when s is divided by 17.
16
Suppose 12*p - 7*p - 65 = 0. Calculate the remainder when 102 is divided by p.
11
Suppose 0*c + c - 51 = -3*x, 3*x + 93 = 3*c. Calculate the remainder when c is divided by 13.
10
Let m(w) = 2*w**2 + 9*w + 16. What is the remainder when m(-8) is divided by 27?
18
Let v = 140 - 104. Calculate the remainder when 67 is divided by v.
31
Suppose -3*v + b + 68 = 0, b - 78 = -3*v + 4*b. What is the remainder when 37 is divided by v?
16
Let y(i) = -i**3 - 5*i**2 + 5*i - 5. Suppose 39*u - 21 = 96. Calculate the remainder when u is divided by y(-6).
0
Suppose 3*i = 34 - 13. Calculate the remainder when 19 - (1 - 2 - -2) is divided by i.
4
Let u = -12 - -18. Suppose 3*s + 5*k - 32 = 0, 0 = s - k + u*k - 14. What is the remainder when s is divided by (-45)/6*4/(-6)?
4
Let b = 10 + -8. Suppose -4*o = -4*z + 44, -3*z - b*o - 3*o + 73 = 0. What is the remainder when 62 is divided by z?
14
Let o = 19 + -3. Let v = -8 - -27. Suppose -3*b = -119 - v. Calculate the remainder when b is divided by o.
14
Suppose -3*j = 2*j. Let r(f) = f + 5. What is the remainder when r(j) is divided by 3?
2
Suppose -5*f = 2*s + s - 11, 2*f - 6 = -2*s. What is the remainder when (-17 - -27) + (-5 - 0) is divided by s?
1
Let q be (-1*1)/(4/(-40)). Let f(w) = w - q*w + 5 + 0*w. Calculate the remainder when f(-5) is divided by 13.
11
Let m(a) = -a**2 + 7*a + 2. Let d be m(6). Let t be (3/(-12))/((-2)/d). Let g = t - -5. Calculate the remainder when 10 is divided by g.
4
What is the remainder when -50*(9/3 + -4) is divided by 18?
14
Suppose 3*d - d - 182 = -c, 0 = -5*d + 3*c + 433. Calculate the remainder when d is divided by 46.
43
Let a(p) = 8*p**2 - p. Let g be a(1). Suppose -28 = 5*m + g. What is the remainder when 41 is divided by -1 - m/(21/36)?
8
Let l = -17 - -22. Calculate the remainder when 27 is divided by l.
2
Let f = -14 + 34. What is the remainder when 78 is divided by f?
18
Let r(j) = -2*j**3 - 3*j**2 - j - 2. Let n be r(-2). Suppose -u - 3*u - 4*a + 44 = 0, -n*a - 4 = -4*u. Calculate the remainder when 16 is divided by u.
4
Suppose 4*q - 2*q = -j + 42, -4*j + 160 = 4*q. What is the remainder when j is divided by 10?
8
Suppose -7*w = -131 - 2. Calculate the remainder when 151 is divided by w.
18
Suppose -6*f + 3*f = -12. Suppose -119 - 37 = -f*y. Suppose -y + 15 = -w. Calculate the remainder when w is divided by 13.
11
Suppose 0 = -5*q + 5*j + 365, -q - 3*j + 0*j + 93 = 0. Let m = 110 - q. Calculate the remainder when m is divided by 12.
8
Let n(g) = g**2 - 10*g - 12. What is the remainder when n(13) is divided by 14?
13
Let t(h) = -35*h**2 - h - 1. Let y be t(-1). Calculate the remainder when y/(-25)*15/3 is divided by 4.
3
Suppose 3*v - 7*v + 32 = 0. Suppose 0 = -x - v. Let p(y) = -y**3 - 8*y**2 - 3*y - 12. Calculate the remainder when 47 is divided by p(x).
11
Let b(a) = -6*a + 2*a - 19*a - 4. Suppose k + 15 = -4*k. What is the remainder when b(k) is divided by 22?
21
Let l = -93 - -130. Calculate the remainder when l is divided by 12/(-2)*(-25)/15.
7
Suppose 2*m = -3*w + 5 - 20, -m - w = 7. Let y(b) = -b - 1. What is the remainder when y(m) is divided by (6/5)/(4/10)?
2
Suppose 3*z - 13 = -3*h - 4, -2*h = -2*z - 10. Suppose -140 = -h*b + 2*u, -9 = b - 5*u - 62. Calculate the remainder when b is divided by 18.
15
Let w = 105 - 101. Let r(n) = n + 15. Calculate the remainder when r(0) is divided by w.
3
Let d = 55 - 14. What is the remainder when d is divided by 21?
20
Let g(t) = 7*t**2 + t - 1. Calculate the remainder when g(-2) is divided by 80/12 + (-1)/(-3).
4
Calculate the remainder when (-28)/98 + 3042/14 is divided by 44.
41
Suppose -5*w - 5*b = -65, -4*w + 74 = w + 2*b. Suppose -4*j + 245 = -d, -j + 2*d - 3*d + 65 = 0. Calculate the remainder when j is divided by w.
14
Suppose -t + 5*c + 54 = 0, -5*t + 181 = -2*c + 3. Calculate the remainder when 63 is divided by t.
29
Let p(f) = 30*f**2 - 1. Calculate the remainder when p(1) is divided by 8.
5
Suppose 0 = 7*h - 3*h - 172. Calculate the remainder when h is divided by 22.
21
Let h(s) = -7*s - 5. Let y be h(-6). Suppose -19 = -2*u + y. Suppose 0*d - 30 = -2*d. What is the remainder when u is divided by d?
13
Let o be 1/4 - (-3)/(-12). Suppose 4*x + 2*h - 62 = o, -x + 0*h + 11 = 2*h. What is the remainder when x is divided by 9?
8
Suppose -7*z = -2*z + u - 12, 2*u = z + 2. Suppose z*r + l - 30 - 5 = 0, 0 = r + 5*l + 5. What is the remainder when 37 is divided by r?
17
Let j = 1 + 0. Let k(n) = -n - 1. Let m(o) = -o**2 - o + 2. Let y(h) = 4*k(h) + m(h). What is the remainder when y(-4) is divided by j?
0
Suppose -c + 5*l - 3 = 0, -2*c + 1 = -0*l - 3*l. What is the remainder when 4 is divided by c?
0
Let l = 152 + -102. What is the remainder when l is divided by 13?
11
Suppose 0*q + 44 = 4*q. Suppose -3*s + 6*s = -36. Calculate the remainder when 134/4 + s/8 is divided by q.
10
Suppose -2*b + 5*f + 86 + 149 = 0, -220 = -2*b + 2*f. Suppose p + 23 = b. Calculate the remainder when p is divided by 28.
26
Let r be (15/(-2))/5*-2. Let p = 17 - 8. Calculate the remainder when -15*1/(r/(-5)) is divided by p.
7
Let u = 3 - 6. Let p be u/(-6) + (-7)/(-2). Suppose -p*w = -106 - 10. What is the remainder when w is divided by 10?
9
What is the remainder when 25 is divided by 2 + (-28)/(2*-2)?
7
Suppose -5*a + 651 = -2*a. Suppose 0*b = -4*b + i + a, 3 = i. Calculate the remainder when b is divided by 29.
26
Let j = -3 + 7. Suppose 0 = w + j*t - 50, -3*w + t + 157 - 20 = 0. What is the remainder when w is divided by 16?
14
What is the remainder when 107 is divided by 81/(-6)*((-16)/3)/4?
17
Suppose 3 = -a, -3*q - 3*a = -0*a + 3. Suppose -j = -4*p - 78, -76 = -0*j - j + q*p. What is the remainder when j is divided by 25?
24
Calculate the remainder when 57 is divided by -1*(-29 - (4 - 4)).
28
Let d(a) = -8*a - 3. What is the remainder when 38 is divided by d(-2)?
12
Let i = 10 - 6. Let o = i - 1. Suppose 0 = 3*g + o, 3*b = -2*g - 0*g + 10. What is the remainder when 10 is divided by b?
2
Let x(p) = 2*p**2 + p - 2. Let h be x(-2). Suppose h*u = -n + 27, 2*n + 5*u - 75 = -3*n. What is the remainder when n is divided by 4?
3
Suppos